(-1)/(-2))?
7
What is the units digit of (0 + 170)*1908/265?
4
Let w = -15 + 19. Suppose w*h + 1 = 5*h. What is the units digit of h?
1
Let z be 3/2*(4 - 24/18). Suppose z*u = -0*u + 8, -i + 2*u = -61. What is the units digit of i?
5
Suppose 0 = -5*a - 4*t - 470, 3*a - 3*t + 299 = -2*t. Let w = a - -192. What is the units digit of w?
4
Let f(o) = -77*o**2 + 9*o - 73*o**2 + 5 + 149*o**2. Suppose 2*w + 2*w - 28 = 0. What is the units digit of f(w)?
9
What is the tens digit of 18552/(6 + -3) - (16 - 12)?
8
Let i(k) = -8*k + 7. Let z(h) = -h. Let o(f) = 2*i(f) + 10*z(f). What is the hundreds digit of o(-4)?
1
Let i(k) = -203*k - 24. What is the thousands digit of i(-7)?
1
Let p(w) = w - 16. Let f be p(0). What is the tens digit of 0/(f/4) + 19 + -3?
1
Let t(z) = z - 5. Let u be t(8). Suppose 4*k - 616 = -0*c - 4*c, 3*k - u*c = 438. What is the tens digit of k?
5
Let s = -51 - -95. Suppose -3*d + s = d. Suppose d = -3*b + 4*b. What is the units digit of b?
1
Suppose 0 = -42*r + 41*r + 567. What is the hundreds digit of r?
5
Let x = -153 - -225. Let s = x + 46. What is the hundreds digit of s?
1
Suppose 0 = -4*g - 3*h + 3, -g + 29 = -4*g + 4*h. Suppose 2*w = -0*w + 12. Let q = w - g. What is the units digit of q?
9
Suppose 6*p - 4766 = -74. What is the hundreds digit of p?
7
Let n(c) be the first derivative of -c**5/15 - c**4/24 + 2*c**3 - 2. Let i(x) be the third derivative of n(x). What is the units digit of i(-2)?
5
Suppose 0 = 7*x + 1518 - 7454. Suppose 0*i + x = 8*i. What is the hundreds digit of i?
1
Let g be 99/6 + 3/(-6). Suppose 5*c = -3*u + 7*c + g, 4*u + 5*c = 6. Suppose 30 = u*d + d. What is the units digit of d?
6
Suppose 0 = 2*f + f. Suppose z - 5*u + 15 = f, -2*z + z - 9 = -3*u. Suppose -s + 0*s + 8 = z. What is the units digit of s?
8
Let t(n) = 24*n - 4. Let i be t(7). Suppose 4*m = 2*m - i. Let f = 122 + m. What is the units digit of f?
0
Let a(h) = 5*h - 25. Let p be a(7). Suppose p*c + 390 = 15*c. What is the tens digit of c?
7
Let v = -492 - -2404. What is the hundreds digit of v?
9
Let m = 107 - -205. What is the units digit of m?
2
Let v be (-9)/4*8/(-6). Let w(h) = -6*h**2 + h**v - 8*h**3 + h**2 + 1. What is the tens digit of w(-2)?
3
Let g(o) = -13*o**2 + 4*o - 4. Let r be g(4). What is the tens digit of r/(-16)*(-12)/(-3)?
4
Suppose -1596 = 7*q + 7. Let n = 345 + q. What is the hundreds digit of n?
1
Let f(h) = 336*h**2 - 9*h - 16. What is the thousands digit of f(-2)?
1
Let y be 3/2*130/15. Let c be -3*y*(-16)/6. Suppose -c = -2*o - 30. What is the tens digit of o?
3
Let i = 20 + -9. Suppose -4*r = -9*r - b + i, -4*r + 5*b + 3 = 0. What is the units digit of 2/(r/(-132)*-4)?
3
Let t = -43 + 46. What is the units digit of (2 + 9/(-3))/(t/(-21))?
7
Let a(o) = 5*o + 57. Let g be a(-11). What is the tens digit of (39/5 + g)*(10 - 5)?
4
Let n(d) = -3*d + 1. Let r be n(-6). Let i = r + -16. Suppose -i*g + 6 = -0. What is the units digit of g?
2
Let m = 8 + -6. Suppose -5*r - 280 = m*p, 40 = -p + 5*r - 70. Let d = -61 - p. What is the tens digit of d?
6
Let f = 1 + 0. Let x(q) be the second derivative of 20*q**3/3 - 36*q. What is the tens digit of x(f)?
4
Let u(r) = 127*r**2 + 7*r - 3. What is the units digit of u(4)?
7
Suppose 3*q - 3 = 12. Suppose 0*b = q*b - 5. What is the units digit of (19 - -2 - -3) + b?
5
Suppose 55*j + 0*j - 59070 = 0. What is the tens digit of j?
7
Let k(z) = -z**3 - 3*z**2 - z + 2. Let b be k(-2). Suppose d + b*w = -4*w + 74, 5*w = -3*d + 187. Suppose -d + 2 = -a. What is the units digit of a?
2
Let i be ((-12)/(-9)*-15)/((-3)/(-12)). Let d = 198 + i. What is the tens digit of d?
1
Suppose 0 = 5*k - 1747 + 162. What is the units digit of k?
7
Let h(c) = -c**3 - 13*c**2 + 14*c + 6. Let b be h(-14). Let f(m) = m**3 - 6*m**2 + 2*m + 4. Let z be f(b). Let x = -12 + z. What is the units digit of x?
4
Let p(v) = -v**3 - 17*v**2 - 78. What is the tens digit of p(-18)?
4
Suppose 3*t = 2*o + 1042, 0 = -5*t + 5*o - 42 + 1782. What is the units digit of t?
6
Let i be ((-150)/(-4))/((-2)/(-4)). Suppose -x - i = 2*x. Let s = 44 + x. What is the tens digit of s?
1
Let c(s) = 48*s**3 + 2*s**2 - s. Let w be c(1). Let u be (-10)/(-2*(-1)/2). Let n = w + u. What is the units digit of n?
9
Let j be 1/((21/(-12))/(-7)). Suppose 0 = j*y - 5*y + 65. What is the units digit of y?
5
What is the units digit of (15502/14 - (-10)/(-35)) + 2?
9
Let t(r) = 13*r - 1. Let h be t(-1). Let w be (-12)/h*(-28)/(-8). Let v = w + 25. What is the units digit of v?
8
Let l = 166 + -112. What is the tens digit of 36/l + 560/6?
9
Let g = -35 + 17. Let r = -11 - g. Let a = 11 - r. What is the units digit of a?
4
Let r(u) = -5*u - 4*u + 4*u + 2*u + 9. What is the units digit of r(-8)?
3
Let b(z) = z**3 - 29*z**2 + 43*z + 32. What is the tens digit of b(29)?
7
Suppose 240 = -4*n - u - 3*u, 5 = 5*u. What is the tens digit of (n/4)/(6/(-72))?
8
Suppose 8*c - 7220 - 2412 = 0. What is the thousands digit of c?
1
Suppose -7*g = -16*g + 486. What is the units digit of (-1168)/(-6) + (-2)/g*-9?
5
Suppose 207 - 34 = w. What is the units digit of w?
3
Let z(b) = -b**3 - 2*b**2 + 7*b - 1. Let v be z(-5). Suppose 4*r - 26 = 32*a - 29*a, 0 = -5*a - 5*r + 15. Let l = v - a. What is the units digit of l?
1
Let i(o) = 3*o**3 - o**2 - 2*o - 6. Suppose 0 = 4*h - 12. What is the units digit of i(h)?
0
Suppose 2*h + 3*h - 1255 = 0. Let p = -168 + h. What is the tens digit of p?
8
What is the hundreds digit of (((-14)/4)/7)/(1/(-774))?
3
Let u be (-9)/(18/(-28)) + -4. Let r(h) = -2*h + 24. What is the units digit of r(u)?
4
Let o be (-2)/(1 - -1)*-1. Let d be (168/(-7))/4 + -1. What is the tens digit of 27/o - (-10 - d)?
3
Let n(w) = w**3 - 5*w**2 + w - 7. Let b be n(5). Let x be 1 + (0 - b) + 27. Suppose -s - 2*i - 3 = 0, i = -8*s + 3*s + x. What is the units digit of s?
7
Let p(s) = 3*s - 5. Let y(q) = -q. Let d(k) = -k + 1. Let w(o) = 5*d(o) - y(o). Let i(v) = 2*p(v) + 3*w(v). What is the units digit of i(-4)?
9
Suppose 0*n - 78 = 6*n. Let q = 102 + n. What is the units digit of q?
9
Let a be ((-10)/(-8))/((-15)/(-60)). Suppose a - 17 = -4*v. What is the units digit of v?
3
Suppose 4*b + 74 = -0*v - v, 5*b + 160 = -2*v. What is the units digit of (-1370)/v + (-2)/9?
5
What is the tens digit of 2915/(-22)*(-144)/30?
3
Let x be (-14 + 17)*(-133)/(-3). Suppose -3*i + x = 16. Suppose -i = -v + q + 1, -8 = -2*q. What is the tens digit of v?
4
Let w(k) = 35*k - 2. Let v be w(-3). Let p be (v + -15)*(-1)/2. Suppose 54 = 5*o - p. What is the units digit of o?
3
Let u = -207 - -325. What is the tens digit of u?
1
What is the thousands digit of (-224)/10*(-30 + -30)?
1
Let t(q) = 119*q**3. Let w be t(1). Let f = w - 58. Suppose 0 = 4*r - 4*y - 84, 3*r - 5*y + 0*y = f. What is the tens digit of r?
2
Let h be (-313)/(-4) - (-30)/40. Suppose 3*k + 5*p = h, -51 = -2*k - 3*p - 2*p. What is the units digit of k?
8
Let t(a) = 272*a**2 - 8*a - 10. What is the hundreds digit of t(-4)?
3
Let i be -1*7/(21/(-6)). Suppose -20 = -i*f - 5*x, -f - 4*f = -3*x - 19. Suppose -f*z = -62 + 2. What is the tens digit of z?
1
Let s(t) = t - 11. Let p be s(18). Suppose b + p*b = 264. What is the tens digit of b?
3
Let m = -571 + 872. Suppose -6*c + m = c. What is the units digit of c?
3
Let o(n) = 30*n**2 + 7*n - 50. What is the units digit of o(-10)?
0
Let g = -1224 + 1913. What is the hundreds digit of g?
6
Let c(s) = -s**3 - 17*s**2 - 8*s + 40. What is the tens digit of c(-18)?
0
What is the units digit of ((-2)/(4/(-814)))/1?
7
Let p(d) = d**3 - 7*d**2 + 7*d + 6. Let i(q) be the first derivative of q**3/3 + 7*q**2/2 - 12*q - 12. Let z be i(-9). What is the units digit of p(z)?
2
Let g(b) = b**3 + 9*b**2 - 6. Let z be g(-9). Let h(x) = -4*x**2 + 10*x + 9. Let d be h(z). What is the units digit of d/(-27) + 6/(-27)?
7
Let i(c) = 2*c + 3*c - 4*c. Let s be i(2). Suppose -5*p + 60 = -s*p. What is the units digit of p?
0
Suppose w = -w - 2. Let x be -30*(-1 + 0 + 0). Let o = x + w. What is the tens digit of o?
2
Let x be (2690/5 + -1)/3. Let k = -120 + x. What is the units digit of k?
9
Suppose -3*f - 3105 = -2*d, -2*d - f + 1806 = -1279. What is the units digit of d?
5
Let g(t) = t**2 + 31*t + 14. What is the hundreds digit of g(9)?
3
Let f = 121 + -44. Suppose 2*m - q = f, -2*m - q + 75 = -4